905 is divided by 5024775?
130
What is the remainder when 4105906 is divided by 821113?
341
What is the remainder when 48846814 is divided by 24?
22
What is the remainder when 18531495 is divided by 139?
15
Calculate the remainder when 6204210 is divided by 689351.
51
What is the remainder when 931603 is divided by 465781?
41
What is the remainder when 292992 is divided by 77?
7
Calculate the remainder when 178565 is divided by 89274.
17
Calculate the remainder when 266039155 is divided by 89.
88
What is the remainder when 55467 is divided by 6157?
54
Calculate the remainder when 23103986 is divided by 23794.
12
Calculate the remainder when 33849233 is divided by 152474.
5
What is the remainder when 1649394 is divided by 8820?
54
What is the remainder when 26141560 is divided by 53?
52
What is the remainder when 435442 is divided by 191?
153
Calculate the remainder when 3984475 is divided by 55.
0
Calculate the remainder when 68714763 is divided by 85.
83
What is the remainder when 95277 is divided by 202?
135
Calculate the remainder when 1904322 is divided by 92.
14
Calculate the remainder when 78096 is divided by 77800.
296
What is the remainder when 4844816 is divided by 388?
248
What is the remainder when 6674974 is divided by 672?
670
Calculate the remainder when 379705 is divided by 10846.
95
What is the remainder when 378595 is divided by 37615?
2445
What is the remainder when 2733849 is divided by 360?
9
Calculate the remainder when 354278 is divided by 5.
3
Calculate the remainder when 513486 is divided by 350.
36
What is the remainder when 49887 is divided by 16543?
258
Calculate the remainder when 886480 is divided by 830.
40
Calculate the remainder when 103385 is divided by 10330.
85
What is the remainder when 1325698 is divided by 2581?
1645
Calculate the remainder when 433151 is divided by 512.
511
What is the remainder when 5106204 is divided by 66?
48
Calculate the remainder when 808773 is divided by 85.
83
What is the remainder when 16927438 is divided by 2913?
2908
Calculate the remainder when 140222 is divided by 940.
162
Calculate the remainder when 10560085 is divided by 10560033.
52
What is the remainder when 2023116 is divided by 505746?
132
Calculate the remainder when 501493996 is divided by 100.
96
Calculate the remainder when 49210 is divided by 2784.
1882
Calculate the remainder when 34911313 is divided by 16103.
9
Calculate the remainder when 52566637 is divided by 47.
4
What is the remainder when 6382871 is divided by 3911?
119
What is the remainder when 225682469 is divided by 3414?
3413
Calculate the remainder when 108087 is divided by 17949.
393
Calculate the remainder when 387801 is divided by 242.
117
What is the remainder when 32483302 is divided by 1024?
998
What is the remainder when 1585934 is divided by 1240?
1214
Calculate the remainder when 2469914 is divided by 81.
62
What is the remainder when 1002362 is divided by 10778?
8
What is the remainder when 335896 is divided by 37301?
187
Calculate the remainder when 756238 is divided by 80.
78
What is the remainder when 557149 is divided by 11607?
13
What is the remainder when 4069673 is divided by 41955?
38
Calculate the remainder when 803706 is divided by 579.
54
Calculate the remainder when 1474731 is divided by 1004.
859
Calculate the remainder when 2685136 is divided by 4163.
1
Calculate the remainder when 244134 is divided by 120547.
3040
Calculate the remainder when 76613359 is divided by 1673.
1670
Calculate the remainder when 31997915 is divided by 54.
53
What is the remainder when 76384 is divided by 6738?
2266
Calculate the remainder when 1641132 is divided by 181.
5
Calculate the remainder when 814935 is divided by 5469.
54
Calculate the remainder when 240756 is divided by 3560.
2236
What is the remainder when 2557885 is divided by 125?
10
What is the remainder when 270175 is divided by 2683?
1875
What is the remainder when 570013 is divided by 569990?
23
What is the remainder when 13008411 is divided by 33876?
27
What is the remainder when 7253 is divided by 261?
206
Calculate the remainder when 5579166 is divided by 1394776.
62
What is the remainder when 21877 is divided by 3158?
2929
What is the remainder when 159671 is divided by 159332?
339
What is the remainder when 497087117 is divided by 4166?
4163
Calculate the remainder when 8797258 is divided by 1510.
1508
What is the remainder when 7551037 is divided by 56?
53
Calculate the remainder when 86357251 is divided by 2228.
2199
What is the remainder when 1998748 is divided by 123?
121
What is the remainder when 93553 is divided by 18518?
963
What is the remainder when 1341388 is divided by 10817?
80
Calculate the remainder when 508660 is divided by 7825.
35
Calculate the remainder when 36953 is divided by 18295.
363
What is the remainder when 195849 is divided by 65184?
297
What is the remainder when 194570 is divided by 2598?
2318
What is the remainder when 3085760 is divided by 107?
94
Calculate the remainder when 1279916 is divided by 1885.
1
Calculate the remainder when 3134823549 is divided by 2688.
2685
What is the remainder when 11096920 is divided by 38?
8
What is the remainder when 159716 is divided by 2074?
18
What is the remainder when 21863 is divided by 21084?
779
Calculate the remainder when 10163985 is divided by 52663.
26
What is the remainder when 6335656 is divided by 14334?
28
What is the remainder when 1698533 is divided by 1495?
213
Calculate the remainder when 62441 is divided by 20458.
1067
Calculate the remainder when 15336891 is divided by 1095491.
17
What is the remainder when 2532 is divided by 1834?
698
Calculate the remainder when 8386300 is divided by 424.
4
Calculate the remainder when 116443 is divided by 14544.
91
What is the remainder when 415119 is divided by 979?
23
What is the remainder when 19029 is divided by 5891?
1356
What is the remainder when 68998 is divided by 2028?
46
Calculate the remainder when 147055 is divided by 13232.
1503
Calculate the remainder when 1076110 is divided by 983.
708
Calculate the remainder when 2943326 is divided by 981105.
11
Calculate the remainder when 5552364 is divided by 439.
331
Calculate the remainder when 11985 is divided by 5134.
1717
Calculate the remainder when 11011612 is divided by 1072.
28
Calculate the remainder when 120507 is divided by 39935.
702
Calculate the remainder when 10958606 is divided by 4901.
4871
Calculate the remainder when 6458872 is divided by 163.
160
Calculate the remainder when 137402590 is divided by 32.
30
Calculate the remainder when 867117 is divided by 10316.
573
What is the remainder when 2034143 is divided by 716?
703
What is the remainder when 5000 is divided by 2120?
760
What is the remainder when 1222 is divided by 157?
123
Calculate the remainder when 32451023 is divided by 215.
213
What is the remainder when 977060 is divided by 976991?
69
Calculate the remainder when 664001 is divided by 4150.
1
What is the remainder when 1539714659 is divided by 530?
529
What is the remainder when 4338695 is divided by 36155?
95
Calculate the remainder when 73500 is divided by 73472.
28
Calculate the remainder when 1220937 is divided by 1292.
1289
What is the remainder when 1070323 is divided by 226?
213
What is the remainder when 914503 is divided by 993?
943
What is the remainder when 644057 is divided by 6572?
1
Calculate the remainder when 57744 is divided by 7900.
2444
What is the remainder when 56474 is divided by 151?
0
Calculate the remainder when 148428 is divided by 1818.
1170
Calculate the remainder when 5668176 is divided by 195450.
126
What is the remainder when 24363 is divided by 4055?
33
What is the remainder when 132913 is divided by 9493?
11
Calculate the remainder when 3183337 is divided by 18190.
87
What is the remainder when 3343747 is divided by 51?
34
What is the remainder when 2719130 is divided by 56?
50
What is the remainder when 1701369 is divided by 1555?
199
Calculate the remainder when 47485 is divided by 818.
41
Calculate the remainder when 14243 is divided by 2843.
28
Calculate the remainder when 4344342 is divided by 2244.
2202
Calculate the remainder when 2616238 is divided by 237839.
9
Calculate the remainder when 51762 is divided by 10227.
627
What 